 u?
7
Let y = 38358 - 22454. What is the thousands digit of y?
5
Let l(u) = 13*u**2 + 625 - 3*u - 624 - 3*u + 2*u. What is the hundreds digit of l(-3)?
1
Let o be (-9)/6*2 + 463 + 0. Let w = o - 310. What is the tens digit of w?
5
Let d be (2/(-4))/((-23)/46). Let k(m) = -d + 2*m**2 - 3*m**2 + 3 + 2*m**2 - m**3. What is the units digit of k(-2)?
4
Let m(v) = -85*v - 92. Let x be m(-6). Suppose -2*w + 2*z = -3*z - x, w = 5*z + 214. What is the hundreds digit of w?
2
Suppose w = 4*d + 20, -5*w + 4*d + 0*d = -36. Suppose -6*n + 2652 = w*x - 2*n, x = 2*n + 675. What is the units digit of x?
7
Suppose 7*u + 226 = -901. Let n be (-3)/18 - u/(-6). Let l = n - -44. What is the tens digit of l?
1
Let v = -15 + 49. Let l = v + 20. Let h = l - 51. What is the units digit of h?
3
Let d(h) = -74*h - 41. Let y be d(-12). Suppose 9*j - 359 = y. Suppose w + 0*z - 2*z - j = 0, 2*z + 518 = 4*w. What is the hundreds digit of w?
1
Let c = 659 - 503. What is the hundreds digit of c?
1
What is the hundreds digit of 10080 + 297 - 4*3?
3
Let s(z) = -2726*z + 46. What is the hundreds digit of s(-3)?
2
Let u = 86 + -165. Let q = u + 97. What is the units digit of q/(-15)*(3 - 123)?
4
Suppose 3*t - t + 30410 = 2*h, 0 = -5*h + 2*t + 76022. What is the hundreds digit of h?
2
Let a(j) = j**3 + j**2 - 6*j - 116. Let s be a(0). Let d = s - -204. What is the units digit of d?
8
Let u = -40 + 70. Suppose 5*b + 8*g - 4*g = u, 4*g - 22 = -b. Suppose b*v - 55 = 173. What is the hundreds digit of v?
1
Suppose 180 = 10*t - t. Let m be 9 - (t/5 - 1). Suppose m*l - 861 = -39. What is the hundreds digit of l?
1
Let a be (-3 + 0)*(-28)/(-12). Let k be ((-76)/10)/(a - (-483)/70). Let j = k + -27. What is the tens digit of j?
4
Let m be 220504/64 + (-6)/16 + 1. Suppose m + 2251 = 9*u. What is the hundreds digit of u?
6
Suppose 520 = 8*d - 360. Let l be (-6)/3*-1 + d. Let b = l - -26. What is the units digit of b?
8
Let p(t) = -4*t + 18. Let y(n) = -n**3 + 4*n - 7. Let k be y(-3). Let v be p(k). Let z(x) = x**2 + 2*x - 18. What is the tens digit of z(v)?
5
Let b(u) = 25*u**2 - 92*u - 26. What is the tens digit of b(15)?
1
Suppose -20461 = -5*n - f, -140*f + 135*f + 20485 = 5*n. What is the thousands digit of n?
4
Let x(m) = 0*m - 3 + 83*m**2 - 62*m**2 - 5*m. Suppose a + 6*a = -14. What is the units digit of x(a)?
1
Let p be 0*-4*2/(-16). Suppose -4*o - 115 = -3*w, p = 5*o - 0*w + w + 139. What is the tens digit of 11/(3 - o/(-10))?
5
Let l = 8188 - 4371. What is the thousands digit of l?
3
Let r be (-33)/24*2*-4. Suppose r*i + 1922 = 9314. What is the units digit of i?
2
Let y = 28 + 172. Let r = -193 + y. What is the units digit of r?
7
Let a = 5715 - 4258. What is the units digit of a?
7
Suppose 4*g - 2*z - 3084 = 0, -3092 = -11*g + 7*g - 2*z. Suppose -5*a + 1488 + g = 0. What is the hundreds digit of a?
4
Suppose 728 = 9*w - w. Let x = 184 - w. What is the units digit of x?
3
Suppose -3*i + 10*a - 6*a = -45907, -i - 3*a = -15285. Suppose i + 2630 = 13*u. What is the hundreds digit of u?
3
Let g = 277 - 247. Suppose 6179 = g*s + 599. What is the tens digit of s?
8
Let p(w) = 3*w**2 + 2*w - 2. Let o be p(1). Let j = 138 - 80. Suppose 4*z = 2*i + j, 4*z = o*i + 49 + 12. What is the units digit of z?
3
Suppose 2*s = -7*s + 2*k + 64624, -4*s = -k - 28722. What is the hundreds digit of s?
1
Suppose -16359 = -5*h - 4*v, -9818 = -3*h - 10*v + 5*v. What is the units digit of h?
1
Let o(u) = -u - 20 + 41 - 5*u - u. What is the units digit of o(-9)?
4
Suppose -2*a + 7*z + 54032 = -z, a - 27002 = -3*z. What is the ten thousands digit of a?
2
Suppose 176 = 9*u + 13*u. Let v(t) = 3*t**3 - 8*t**2 - 24*t - 17. What is the units digit of v(u)?
5
Let q(z) = -z**3 + 26*z**2 + 28*z - 22. Let x be q(27). Suppose -3*l = -88*m + 90*m - 817, x*m = 4*l + 1985. What is the units digit of m?
1
Suppose 291*n = 270*n + 210441. What is the units digit of n?
1
Let w be 8/12 - 548/(-6). Let d = 126 - -49. Let z = d - w. What is the tens digit of z?
8
Let r(o) = o**2 + 20*o + 12. Let z = -5 - -5. Let m be (z - 24) + 2 + 2. What is the units digit of r(m)?
2
Let i(h) = -131*h - 42. Let c be i(-5). Let v(n) = n**3 + 6*n**2 - n + 7. Let q be v(-6). Suppose -q*s - 119 + c = 0. What is the tens digit of s?
3
Let r(w) = 4*w + 58. Let f be r(-13). What is the tens digit of -3 + 98 + (3 - f)?
9
Let n = -181 - -365. Let x = n + -123. What is the units digit of x?
1
Let t(s) = s**3 - 6*s**2 + 8*s + 13. Suppose 2*o + 324 = 348. What is the tens digit of t(o)?
7
Suppose -5*j + 120188 = 17*j + 14324. What is the thousands digit of j?
4
Let h(c) = 29*c - 10. Let p be h(6). Suppose 0*j - 2*n + p = j, -5*n = 20. What is the units digit of j?
2
Let q = 846 + 369. Suppose 77*x - 68*x - q = 0. What is the hundreds digit of x?
1
Let k = -56561 + 101986. What is the ten thousands digit of k?
4
Suppose -3*c = -1926 + 420. Suppose 4*v = -12, -g - g = 2*v - c. What is the hundreds digit of g?
2
What is the units digit of (((-2)/(-10))/((-1521)/10140))/((-1)/42069)?
2
Suppose -12*a = 1028 - 11120. Suppose 7*f = -2*j + 5*f + 562, -2*f = 3*j - a. What is the hundreds digit of j?
2
Let j be (-2)/4 - ((-1)/2 + -1). Let x be -4*((-55)/20 + j). Suppose 3*y + 608 = x*y - 3*h, -2*h + 473 = 3*y. What is the hundreds digit of y?
1
Let o be -12*2/(-3) - (95 - -1)/8. Let w(u) = -4*u**2 + 3 + 5 - 4*u + 2*u**2 - u**3. What is the units digit of w(o)?
6
Let o be (-1 + -3 + -1)*-3. What is the tens digit of -4*o/(-24)*4?
1
Let g = 39 + -27. Suppose 7*j + a - 22 = 2*j, 0 = -4*j + 2*a + g. Suppose 0*r - j*t = 3*r - 290, 5*t + 299 = 3*r. What is the units digit of r?
8
Suppose 52*h - 64*h + 1912328 = 50*h. What is the tens digit of h?
4
Let c(s) = 11*s**2 + 15*s + 33. Let o be c(-8). Suppose -6*h - o = -2*p - 11*h, 0 = -4*h + 12. What is the hundreds digit of p?
3
Let q(t) = -t**2 + 22*t - 30. Let a be q(20). What is the hundreds digit of ((-22)/(-55) - (-56)/a) + 543?
5
Let z(v) = -38*v - 2. Let j(x) = -x + 1. Let m(o) = 3*j(o) - 3*z(o). What is the units digit of m(2)?
1
What is the tens digit of (3/(1/((-3597)/44)))/(3/(-184))?
4
Suppose -12 - 24 = -9*v. Let q be v/(3*(-8)/(-12)). Suppose -q*t = -t - 39. What is the tens digit of t?
3
Let n = -9359 + 28727. What is the hundreds digit of n?
3
Let u(x) = 22*x**2 + 3*x - 27. Let m(y) = -65*y**2 - 9*y + 82. Let v(l) = -4*m(l) - 11*u(l). What is the units digit of v(-4)?
5
Let b(r) = r**2 - 12*r - 10. Let f be b(13). Suppose -f*x - 3*i - 12 = 0, 13 = 4*x - i + 4. What is the units digit of ((-3)/9)/(2*x/(-258))?
3
Let y be (-39319)/(-14) - 4/(-8). Suppose 0 = 7*u - y - 1027. What is the units digit of u?
8
Suppose 22 = -i + 202. Let u = -24 - 75. Let x = i + u. What is the tens digit of x?
8
Let f be (-6741)/4 - (-6 - (-108)/16). Let v = 2922 + f. What is the thousands digit of v?
1
Let s(u) = u**2 + 2*u + 629. Let l be 0/((4 - 3)*-5 + 3). What is the units digit of s(l)?
9
Let t = -50092 + 78812. What is the ten thousands digit of t?
2
Suppose -2*i - 4*x + 20 = 0, 0 = x - 3*x + 10. Suppose 0 = -i*n + 5*n + u - 11, -3*u = n - 5. What is the units digit of n/(-4 - (-1240)/308)?
7
Let t(m) = m**3 + 55*m**2 + 118*m + 218. What is the hundreds digit of t(-51)?
6
Let c(v) = v**3 - 11*v**2 - 11*v - 8. Let p be c(12). Suppose 4*j = -p*x + 4288, -x + 5344 = 12*j - 7*j. What is the hundreds digit of j?
0
Let i be 0 + -1*(8 - 2). Let z be (7/7)/(1 - (-3)/i). Suppose -z*t - m + 226 = 0, -2*t - 4*m + 242 = 16. What is the units digit of t?
3
Suppose -5*u - 5*h = -h - 13, -5*u - h + 22 = 0. Suppose 7*k + 1113 = 2842. Suppose 268 + k = u*g. What is the units digit of g?
3
Let z be (-3 + (-52)/(-12))*(-111)/2. Let k = -76 - z. Let i(n) = -57*n - 5. What is the units digit of i(k)?
9
Suppose 4*d - 84 = -5*t, 5*d + 0*d - 21 = -t. Let n be -2 - (-11 - t/4). Suppose 0 = 5*h - 6*h + n. What is the tens digit of h?
1
Suppose 2*i - 2*p = 3038, -140*p + 137*p = -5*i + 7599. What is the tens digit of i?
2
Let p = -1862 + 2665. Suppose -3*n - 4*s - 1068 = -7*n, -p = -3*n + 5*s. What is the units digit of n?
6
Let f = -44 - -48. Suppose 8 = s + 3*a, 5*s + 2*a - 7 - 7 = 0. Suppose -122 = -s*w - 6*v + v, 0 = -f*v. What is the tens digit of w?
6
Suppose -c = -o - 38 - 2, 5 = o. Let a(b) = 8 + c*b - 17*b - 24*b. What is the tens digit of